{"id":265,"date":"2018-09-30T09:36:47","date_gmt":"2018-09-30T07:36:47","guid":{"rendered":"http:\/\/levy-acp.fr\/?page_id=265"},"modified":"2020-09-20T18:22:09","modified_gmt":"2020-09-20T16:22:09","slug":"jung-la-psychotherapie","status":"publish","type":"page","link":"https:\/\/levy-acp.fr\/index.php\/jung-la-psychotherapie\/","title":{"rendered":"Jung &#038; la psychoth\u00e9rapie"},"content":{"rendered":"\n<p class=\"has-very-light-gray-background-color has-background\">Dans un article faisant \u00e9tat des recherches \u00e0 son \u00e9poque, \u00ab Situation de la psychoth\u00e9rapie en 1930 \u00bb, Jung d\u00e9fend avec puissance l\u2019id\u00e9e selon laquelle la psychoth\u00e9rapie n\u2019est pas une technique mais une relation entre un m\u00e9decin et son patient, de personne \u00e0 personne. Il revient \u00e0 S\u00e1ndor Ferenczi d&rsquo;avoir ouvert cette voie bien plus qu&rsquo;\u00e0 Freud. Voici quelques extraits de cet article :<\/p>\n\n\n\n<p><\/p>\n\n\n\n<div class=\"wp-block-columns has-2-columns is-layout-flex wp-container-core-columns-is-layout-9d6595d7 wp-block-columns-is-layout-flex\">\n<div class=\"wp-block-column is-layout-flow wp-block-column-is-layout-flow\">\n<p class=\"has-regular-font-size\"><strong>1.<\/strong> On ne s\u2019est que trop longtemps imagin\u00e9 que la psychoth\u00e9rapie pouvait \u00eatre pratiqu\u00e9e \u00abtechniquement \u00bb, comme un formulaire m\u00e9dical, une m\u00e9thode op\u00e9ratoire, un proc\u00e9d\u00e9 tinctorial (\u2026) La technique appliqu\u00e9e est m\u00eame, dans une large mesure, indiff\u00e9rente, car la gu\u00e9rison d\u00e9pend moins de la m\u00e9thode employ\u00e9e que de la personnalit\u00e9 qui l\u2019emploie. L\u2019objet de la m\u00e9thode n\u2019est ni une pr\u00e9paration anatomique inerte, ni un abc\u00e8s, ni un corps chimique, <em>mais bien la totalit\u00e9 d\u2019une personnalit\u00e9 souffrante.<\/em> Ce n\u2019est pas la n\u00e9vrose qui est l\u2019objet de la th\u00e9rapeutique, c\u2019est le porteur de la n\u00e9vrose <strong>(p.349).<\/strong><\/p>\n<\/div>\n\n\n\n<div class=\"wp-block-column is-layout-flow wp-block-column-is-layout-flow\">\n<p class=\"has-regular-font-size\"><strong>2.<\/strong> Dans la n\u00e9vrose ce n\u2019est pas un domaine pathologique clos qui surgit devant le m\u00e9decin, mais un \u00eatre malade, malade, non pas par la faute de quelque m\u00e9canisme ou de quelque centre d\u2019infection isol\u00e9, mais dans la totalit\u00e9 de son \u00eatre. Voil\u00e0 qui est incommensurable avec toute technique. La personnalit\u00e9 du malade en appelle \u00e0 la personnalit\u00e9 du m\u00e9decin et non \u00e0 quelques parties techniques. C\u2019est pourquoi de bonne heure j\u2019ai formul\u00e9 l\u2019exigence que le m\u00e9decin lui aussi soit analys\u00e9. Freud l\u2019a faite \u00e9galement sienne, ne pouvant manifestement \u00e9chapper \u00e0 la conviction que c\u2019est le m\u00e9decin et non pas une technique qui s\u2019affirme en face du malade <strong>(p.350).<\/strong><\/p>\n<\/div>\n<\/div>\n\n\n\n<p class=\"has-very-light-gray-background-color has-background\"><strong>Rel\u00e9guant\n la th\u00e9orie infantile freudienne au second plan de la d\u00e9marche \npsychoth\u00e9rapeutique, Jung s\u2019interroge sur la position du m\u00e9decin \npsychoth\u00e9rapeute :<\/strong><\/p>\n\n\n\n<div class=\"wp-block-columns has-2-columns is-layout-flex wp-container-core-columns-is-layout-9d6595d7 wp-block-columns-is-layout-flex\">\n<div class=\"wp-block-column is-layout-flow wp-block-column-is-layout-flow\">\n<p class=\"has-regular-font-size\"><strong>3.<\/strong> Il est vrai que la th\u00e9orie infantile pr\u00e9sente un avantage qui a sa petite importance : elle juche le m\u00e9decin sur un pi\u00e9destal, en tant que repr\u00e9sentant de l&rsquo;entendement sain, consid\u00e9r\u00e9 et valable, faisant apparaitre du m\u00eame coup le malade comme une pauvre victime des r\u00e9alisations inconscientes de ses convoitises infantiles et perverses. Cela donne au m\u00e9decin la possibilit\u00e9 d\u2019affecter l\u2019omniscience, d\u2019\u00e9viter la confrontation d\u2019homme \u00e0 homme avec la personnalit\u00e9 de son patient, et de se barricader derri\u00e8re une pr\u00e9tendue technique (\u2026) Quel soulagement, par exemple, quand on peut dire dans une passe difficile de l\u2019analyse : \u00ab Ce ne sont l\u00e0 que r\u00e9sistances \u00bb, ou lorsqu\u2019on peut se dispenser de prendre au s\u00e9rieux l\u2019argument de l\u2019adversaire, gr\u00e2ce \u00e0 la s\u00e9duisante facilit\u00e9 d\u2019une explication \u00ab symbolique \u00bb, c\u2019est-\u00e0-dire erron\u00e9e \u2013 <em>nota bene<\/em>, sans demander au partenaire si l\u2019explication \u00e0 laquelle on s\u2019arr\u00eate concorde ou non avec sa psychologie <strong>(pp.353-354).<\/strong><\/p>\n<\/div>\n\n\n\n<div class=\"wp-block-column is-layout-flow wp-block-column-is-layout-flow\">\n<p class=\"has-text-align-left has-regular-font-size\"><strong>4.<\/strong> En v\u00e9rit\u00e9 il \nfaut \u00eatre irr\u00e9m\u00e9diablement aveugle pour ne pas s\u2019apercevoir qu\u2019une \npareille \u00ab technique \u00bb n\u2019est en premi\u00e8re ligne qu\u2019une manifestation des \npr\u00e9suppos\u00e9s subjectifs du praticien qui l\u2019emploie <strong>(p. 355)<\/strong>.<\/p>\n\n\n\n<p><strong>5.<\/strong> Le \npsychoth\u00e9rapeute (\u2026) devrait au contraire comprendre pleinement que le \ntraitement psychique d\u2019un malade consiste en une relation dans laquelle \nle praticien se trouve aussi fortement engag\u00e9 que son malade <strong>(p. 355)<\/strong>.<\/p>\n\n\n\n<p><strong>6.<\/strong> La \npsychoth\u00e9rapie n\u2019a pas affaire \u00e0 des n\u00e9vroses, mais \u00e0 des \u00eatres, et \nc\u2019est justement le beau privil\u00e8ge de la m\u00e9decine psychologique de ne pas\n avoir seulement le droit mais bien aussi le devoir de soigner non pas \ndes fonctions artificiellement s\u00e9par\u00e9es, mais l\u2019homme tout entier. <strong>(p. 357)<\/strong>.<\/p>\n<\/div>\n<\/div>\n\n\n\n<div class=\"wp-block-columns has-2-columns is-layout-flex wp-container-core-columns-is-layout-9d6595d7 wp-block-columns-is-layout-flex\">\n<div class=\"wp-block-column is-layout-flow wp-block-column-is-layout-flow\"><\/div>\n\n\n\n<div class=\"wp-block-column is-layout-flow wp-block-column-is-layout-flow\">\n<p><\/p>\n<\/div>\n<\/div>\n\n\n\n<p class=\"has-very-light-gray-background-color has-background\"><strong>(<em>Dynamique de l\u2019inconscient<\/em>, chap. 2 \u00ab La n\u00e9vrose ou l\u2019autor\u00e9gulation psychologique \u00bb, in Carl Gustav JUNG, <em>La r\u00e9alit\u00e9 de l\u2019\u00e2me<\/em>, t.1, Pochoth\u00e8que, 1998, p. 347-365)<\/strong><\/p>\n","protected":false},"excerpt":{"rendered":"<p>Dans un article faisant \u00e9tat des recherches \u00e0 son \u00e9poque, \u00ab Situation de la psychoth\u00e9rapie en 1930 \u00bb, Jung d\u00e9fend avec puissance l\u2019id\u00e9e selon laquelle la psychoth\u00e9rapie n\u2019est pas une technique mais une relation entre un m\u00e9decin et son patient, de personne \u00e0 personne. Il revient \u00e0 S\u00e1ndor Ferenczi d&rsquo;avoir ouvert cette voie bien plus &hellip; <\/p>\n<p class=\"link-more\"><a href=\"https:\/\/levy-acp.fr\/index.php\/jung-la-psychotherapie\/\" class=\"more-link\">Continuer la lecture<span class=\"screen-reader-text\"> de &laquo;&nbsp;Jung &#038; la psychoth\u00e9rapie&nbsp;&raquo;<\/span><\/a><\/p>\n","protected":false},"author":1,"featured_media":0,"parent":0,"menu_order":0,"comment_status":"closed","ping_status":"closed","template":"","meta":{"footnotes":""},"class_list":["post-265","page","type-page","status-publish","hentry"],"yoast_head":"<!-- This site is optimized with the Yoast SEO plugin v26.9 - https:\/\/yoast.com\/product\/yoast-seo-wordpress\/ -->\n<title>Jung &amp; la psychoth\u00e9rapie - PSYCHOTH\u00c9RAPIE<\/title>\n<meta name=\"robots\" content=\"index, follow, max-snippet:-1, max-image-preview:large, max-video-preview:-1\" \/>\n<link rel=\"canonical\" href=\"https:\/\/levy-acp.fr\/index.php\/jung-la-psychotherapie\/\" \/>\n<meta property=\"og:locale\" content=\"fr_FR\" \/>\n<meta property=\"og:type\" content=\"article\" \/>\n<meta property=\"og:title\" content=\"Jung &amp; la psychoth\u00e9rapie - PSYCHOTH\u00c9RAPIE\" \/>\n<meta property=\"og:description\" content=\"Dans un article faisant \u00e9tat des recherches \u00e0 son \u00e9poque, \u00ab Situation de la psychoth\u00e9rapie en 1930 \u00bb, Jung d\u00e9fend avec puissance l\u2019id\u00e9e selon laquelle la psychoth\u00e9rapie n\u2019est pas une technique mais une relation entre un m\u00e9decin et son patient, de personne \u00e0 personne. Il revient \u00e0 S\u00e1ndor Ferenczi d&rsquo;avoir ouvert cette voie bien plus &hellip; Continuer la lecture de &laquo;&nbsp;Jung &#038; la psychoth\u00e9rapie&nbsp;&raquo;\" \/>\n<meta property=\"og:url\" content=\"https:\/\/levy-acp.fr\/index.php\/jung-la-psychotherapie\/\" \/>\n<meta property=\"og:site_name\" content=\"PSYCHOTH\u00c9RAPIE\" \/>\n<meta property=\"article:modified_time\" content=\"2020-09-20T16:22:09+00:00\" \/>\n<meta name=\"twitter:card\" content=\"summary_large_image\" \/>\n<meta name=\"twitter:label1\" content=\"Dur\u00e9e de lecture estim\u00e9e\" \/>\n\t<meta name=\"twitter:data1\" content=\"3 minutes\" \/>\n<script type=\"application\/ld+json\" class=\"yoast-schema-graph\">{\"@context\":\"https:\/\/schema.org\",\"@graph\":[{\"@type\":\"WebPage\",\"@id\":\"https:\/\/levy-acp.fr\/index.php\/jung-la-psychotherapie\/\",\"url\":\"https:\/\/levy-acp.fr\/index.php\/jung-la-psychotherapie\/\",\"name\":\"Jung & la psychoth\u00e9rapie - PSYCHOTH\u00c9RAPIE\",\"isPartOf\":{\"@id\":\"https:\/\/levy-acp.fr\/#website\"},\"datePublished\":\"2018-09-30T07:36:47+00:00\",\"dateModified\":\"2020-09-20T16:22:09+00:00\",\"breadcrumb\":{\"@id\":\"https:\/\/levy-acp.fr\/index.php\/jung-la-psychotherapie\/#breadcrumb\"},\"inLanguage\":\"fr-FR\",\"potentialAction\":[{\"@type\":\"ReadAction\",\"target\":[\"https:\/\/levy-acp.fr\/index.php\/jung-la-psychotherapie\/\"]}]},{\"@type\":\"BreadcrumbList\",\"@id\":\"https:\/\/levy-acp.fr\/index.php\/jung-la-psychotherapie\/#breadcrumb\",\"itemListElement\":[{\"@type\":\"ListItem\",\"position\":1,\"name\":\"Accueil\",\"item\":\"https:\/\/levy-acp.fr\/\"},{\"@type\":\"ListItem\",\"position\":2,\"name\":\"Jung &#038; la psychoth\u00e9rapie\"}]},{\"@type\":\"WebSite\",\"@id\":\"https:\/\/levy-acp.fr\/#website\",\"url\":\"https:\/\/levy-acp.fr\/\",\"name\":\"PSYCHOTH\u00c9RAPIE\",\"description\":\"JEAN-CHARLES L\u00c9VY |  PSYCHOPRATICIEN CERTIFI\u00c9 | LE MANS\",\"potentialAction\":[{\"@type\":\"SearchAction\",\"target\":{\"@type\":\"EntryPoint\",\"urlTemplate\":\"https:\/\/levy-acp.fr\/?s={search_term_string}\"},\"query-input\":{\"@type\":\"PropertyValueSpecification\",\"valueRequired\":true,\"valueName\":\"search_term_string\"}}],\"inLanguage\":\"fr-FR\"}]}<\/script>\n<!-- \/ Yoast SEO plugin. -->","yoast_head_json":{"title":"Jung & la psychoth\u00e9rapie - PSYCHOTH\u00c9RAPIE","robots":{"index":"index","follow":"follow","max-snippet":"max-snippet:-1","max-image-preview":"max-image-preview:large","max-video-preview":"max-video-preview:-1"},"canonical":"https:\/\/levy-acp.fr\/index.php\/jung-la-psychotherapie\/","og_locale":"fr_FR","og_type":"article","og_title":"Jung & la psychoth\u00e9rapie - PSYCHOTH\u00c9RAPIE","og_description":"Dans un article faisant \u00e9tat des recherches \u00e0 son \u00e9poque, \u00ab Situation de la psychoth\u00e9rapie en 1930 \u00bb, Jung d\u00e9fend avec puissance l\u2019id\u00e9e selon laquelle la psychoth\u00e9rapie n\u2019est pas une technique mais une relation entre un m\u00e9decin et son patient, de personne \u00e0 personne. Il revient \u00e0 S\u00e1ndor Ferenczi d&rsquo;avoir ouvert cette voie bien plus &hellip; Continuer la lecture de &laquo;&nbsp;Jung &#038; la psychoth\u00e9rapie&nbsp;&raquo;","og_url":"https:\/\/levy-acp.fr\/index.php\/jung-la-psychotherapie\/","og_site_name":"PSYCHOTH\u00c9RAPIE","article_modified_time":"2020-09-20T16:22:09+00:00","twitter_card":"summary_large_image","twitter_misc":{"Dur\u00e9e de lecture estim\u00e9e":"3 minutes"},"schema":{"@context":"https:\/\/schema.org","@graph":[{"@type":"WebPage","@id":"https:\/\/levy-acp.fr\/index.php\/jung-la-psychotherapie\/","url":"https:\/\/levy-acp.fr\/index.php\/jung-la-psychotherapie\/","name":"Jung & la psychoth\u00e9rapie - PSYCHOTH\u00c9RAPIE","isPartOf":{"@id":"https:\/\/levy-acp.fr\/#website"},"datePublished":"2018-09-30T07:36:47+00:00","dateModified":"2020-09-20T16:22:09+00:00","breadcrumb":{"@id":"https:\/\/levy-acp.fr\/index.php\/jung-la-psychotherapie\/#breadcrumb"},"inLanguage":"fr-FR","potentialAction":[{"@type":"ReadAction","target":["https:\/\/levy-acp.fr\/index.php\/jung-la-psychotherapie\/"]}]},{"@type":"BreadcrumbList","@id":"https:\/\/levy-acp.fr\/index.php\/jung-la-psychotherapie\/#breadcrumb","itemListElement":[{"@type":"ListItem","position":1,"name":"Accueil","item":"https:\/\/levy-acp.fr\/"},{"@type":"ListItem","position":2,"name":"Jung &#038; la psychoth\u00e9rapie"}]},{"@type":"WebSite","@id":"https:\/\/levy-acp.fr\/#website","url":"https:\/\/levy-acp.fr\/","name":"PSYCHOTH\u00c9RAPIE","description":"JEAN-CHARLES L\u00c9VY |  PSYCHOPRATICIEN CERTIFI\u00c9 | LE MANS","potentialAction":[{"@type":"SearchAction","target":{"@type":"EntryPoint","urlTemplate":"https:\/\/levy-acp.fr\/?s={search_term_string}"},"query-input":{"@type":"PropertyValueSpecification","valueRequired":true,"valueName":"search_term_string"}}],"inLanguage":"fr-FR"}]}},"_links":{"self":[{"href":"https:\/\/levy-acp.fr\/index.php\/wp-json\/wp\/v2\/pages\/265","targetHints":{"allow":["GET"]}}],"collection":[{"href":"https:\/\/levy-acp.fr\/index.php\/wp-json\/wp\/v2\/pages"}],"about":[{"href":"https:\/\/levy-acp.fr\/index.php\/wp-json\/wp\/v2\/types\/page"}],"author":[{"embeddable":true,"href":"https:\/\/levy-acp.fr\/index.php\/wp-json\/wp\/v2\/users\/1"}],"replies":[{"embeddable":true,"href":"https:\/\/levy-acp.fr\/index.php\/wp-json\/wp\/v2\/comments?post=265"}],"version-history":[{"count":21,"href":"https:\/\/levy-acp.fr\/index.php\/wp-json\/wp\/v2\/pages\/265\/revisions"}],"predecessor-version":[{"id":1019,"href":"https:\/\/levy-acp.fr\/index.php\/wp-json\/wp\/v2\/pages\/265\/revisions\/1019"}],"wp:attachment":[{"href":"https:\/\/levy-acp.fr\/index.php\/wp-json\/wp\/v2\/media?parent=265"}],"curies":[{"name":"wp","href":"https:\/\/api.w.org\/{rel}","templated":true}]}}